{"id":106,"date":"2015-10-03T17:23:28","date_gmt":"2015-10-03T16:23:28","guid":{"rendered":"http:\/\/www.snetaamontpellier.fr\/site\/?page_id=106"},"modified":"2021-09-22T16:17:36","modified_gmt":"2021-09-22T15:17:36","slug":"carriere","status":"publish","type":"page","link":"https:\/\/www.snetaamontpellier.fr\/site\/carriere\/","title":{"rendered":"M\u00e9mo Carri\u00e8re"},"content":{"rendered":"<p style=\"text-align: center;\">&#8212;&#8212;&#8212;&#8212;&#8212;&#8212;&#8212;&#8212;&#8212;&#8212;&#8212;&#8212;&#8212;&#8212;&#8212;&#8212;&#8212;&#8212;&#8212;&#8212;&#8212;&#8212;&#8212;&#8212;&#8212;&#8212;&#8212;&#8212;&#8212;&#8211;<\/p>\n<h1 style=\"text-align: center;\"><span style=\"color: #611582;\">R<span style=\"color: #ed6f01;\">E<\/span><span style=\"color: #ca0034;\">M<\/span>U<span style=\"color: #ed6f01;\">N<\/span><span style=\"color: #ca0034;\">E<\/span>R<\/span><span style=\"color: #611582;\"><span style=\"color: #ed6f01;\">A<\/span><span style=\"color: #ca0034;\">T<\/span>I<span style=\"color: #ed6f01;\">O<\/span><span style=\"color: #ca0034;\">N\u00a0<\/span><\/span><span style=\"color: #611582;\">D<span style=\"color: #ed6f01;\">I<\/span><span style=\"color: #ca0034;\">V<\/span>E<span style=\"color: #ed6f01;\">R<\/span><span style=\"color: #ca0034;\">S<\/span>E<\/span><span style=\"color: #611582;\"><span style=\"color: #ed6f01;\">S<\/span><\/span><\/h1>\n<h4><a href=\"https:\/\/www.snetaamontpellier.fr\/site\/wp-content\/uploads\/2021\/09\/AP-N591_p92.png\" data-rel=\"lightbox-image-0\" data-rl_title=\"\" data-rl_caption=\"\" title=\"\"><img loading=\"lazy\" decoding=\"async\" class=\"aligncenter size-large wp-image-2699\" src=\"https:\/\/www.snetaamontpellier.fr\/site\/wp-content\/uploads\/2021\/09\/AP-N591_p92-724x1024.png\" alt=\"\" width=\"724\" height=\"1024\" srcset=\"https:\/\/www.snetaamontpellier.fr\/site\/wp-content\/uploads\/2021\/09\/AP-N591_p92-724x1024.png 724w, https:\/\/www.snetaamontpellier.fr\/site\/wp-content\/uploads\/2021\/09\/AP-N591_p92-212x300.png 212w, https:\/\/www.snetaamontpellier.fr\/site\/wp-content\/uploads\/2021\/09\/AP-N591_p92-768x1087.png 768w, https:\/\/www.snetaamontpellier.fr\/site\/wp-content\/uploads\/2021\/09\/AP-N591_p92.png 826w\" sizes=\"auto, (max-width: 724px) 100vw, 724px\" \/><\/a><\/h4>\n<h4 style=\"text-align: center;\"><strong>Allocation de formation pendant les vacances<\/strong><\/h4>\n<p style=\"text-align: center;\"><a href=\"https:\/\/www.education.gouv.fr\/pid285\/bulletin_officiel.html?pid_bo=39148&amp;rub=1\">BO n\u00b036 du 03\/10\/2019<\/a><\/p>\n<p><span class=\"Article\">Article 1 &#8211;<\/span>\u00a0Le taux horaire de l&rsquo;allocation de formation pr\u00e9vu \u00e0 l&rsquo;article 2 du d\u00e9cret n\u00b0\u00a02019-935 du 6 septembre 2019 susvis\u00e9 est fix\u00e9 \u00e0 20 euros bruts, dans la limite d&rsquo;un montant plafond de 60 euros par demi-journ\u00e9e et de 120 euros par journ\u00e9e.<\/p>\n<p style=\"text-align: center;\">&#8212;&#8212;&#8212;&#8212;&#8212;&#8212;&#8212;&#8212;&#8212;&#8212;&#8212;&#8212;&#8212;&#8212;&#8212;&#8212;&#8212;&#8212;&#8212;&#8212;&#8212;&#8212;&#8212;&#8212;&#8212;&#8212;&#8212;&#8212;&#8212;&#8211;<\/p>\n<h1 style=\"text-align: center;\"><span style=\"color: #611582;\"><a id=\"salaires\"><\/a>S<span style=\"color: #ed6f01;\">A<\/span><span style=\"color: #ca0034;\">L<\/span>A<span style=\"color: #ed6f01;\">I<\/span><span style=\"color: #ca0034;\">R<\/span>E<span style=\"color: #ed6f01;\">S<\/span><\/span><\/h1>\n<p><a href=\"https:\/\/www.snetaamontpellier.fr\/site\/wp-content\/uploads\/2021\/09\/AP-N591_p8.png\" data-rel=\"lightbox-image-1\" data-rl_title=\"\" data-rl_caption=\"\" title=\"\"><img loading=\"lazy\" decoding=\"async\" class=\"aligncenter wp-image-2692 size-full\" src=\"https:\/\/www.snetaamontpellier.fr\/site\/wp-content\/uploads\/2021\/09\/AP-N591_p8.png\" alt=\"\" width=\"850\" height=\"1100\" srcset=\"https:\/\/www.snetaamontpellier.fr\/site\/wp-content\/uploads\/2021\/09\/AP-N591_p8.png 850w, https:\/\/www.snetaamontpellier.fr\/site\/wp-content\/uploads\/2021\/09\/AP-N591_p8-232x300.png 232w, https:\/\/www.snetaamontpellier.fr\/site\/wp-content\/uploads\/2021\/09\/AP-N591_p8-791x1024.png 791w, https:\/\/www.snetaamontpellier.fr\/site\/wp-content\/uploads\/2021\/09\/AP-N591_p8-768x994.png 768w\" sizes=\"auto, (max-width: 850px) 100vw, 850px\" \/><\/a><\/p>\n<p style=\"text-align: center;\">&#8212;&#8212;&#8212;&#8212;&#8212;&#8212;&#8212;&#8212;&#8212;&#8212;&#8212;&#8212;&#8212;&#8212;&#8212;&#8212;&#8212;&#8212;&#8212;&#8212;&#8212;&#8212;&#8212;&#8212;&#8212;&#8212;&#8212;&#8212;&#8212;&#8211;<\/p>\n<h1 style=\"text-align: center;\"><span style=\"color: #611582;\"><a id=\"promoechelon\"><\/a>P<span style=\"color: #ed6f01;\">R<\/span><span style=\"color: #ca0034;\">O<\/span>M<span style=\"color: #ed6f01;\">O<\/span><span style=\"color: #ca0034;\">T<\/span>I<span style=\"color: #ed6f01;\">O<span style=\"color: #ca0034;\">N<\/span><\/span>S\u00a0<span style=\"color: #ed6f01;\">D<\/span><span style=\"color: #ca0034;\">&lsquo;<\/span>E<span style=\"color: #ed6f01;\">C<\/span><\/span><span style=\"color: #611582;\"><span style=\"color: #ca0034;\">H<\/span>E<span style=\"color: #ed6f01;\">L<\/span><span style=\"color: #ca0034;\">O<\/span>N<\/span><\/h1>\n<h4 style=\"text-align: center;\"><strong>Rythmes d&rsquo;avancement<\/strong><\/h4>\n<h2 style=\"text-align: center;\"><a href=\"https:\/\/www.snetaamontpellier.fr\/site\/wp-content\/uploads\/2019\/10\/avancement.pdf\"><img loading=\"lazy\" decoding=\"async\" class=\"aligncenter wp-image-2159 size-full\" src=\"https:\/\/www.snetaamontpellier.fr\/site\/wp-content\/uploads\/2019\/10\/avancement.png\" alt=\"\" width=\"826\" height=\"1377\" srcset=\"https:\/\/www.snetaamontpellier.fr\/site\/wp-content\/uploads\/2019\/10\/avancement.png 826w, https:\/\/www.snetaamontpellier.fr\/site\/wp-content\/uploads\/2019\/10\/avancement-180x300.png 180w, https:\/\/www.snetaamontpellier.fr\/site\/wp-content\/uploads\/2019\/10\/avancement-768x1280.png 768w, https:\/\/www.snetaamontpellier.fr\/site\/wp-content\/uploads\/2019\/10\/avancement-614x1024.png 614w\" sizes=\"auto, (max-width: 826px) 100vw, 826px\" \/><\/a><\/h2>\n<p style=\"text-align: center;\"><em><a href=\"https:\/\/www.snetaamontpellier.fr\/site\/carriere\/#\">retour haut de page<\/a><\/em><\/p>\n<p style=\"text-align: center;\">&#8212;&#8212;&#8212;&#8212;&#8212;&#8212;&#8212;&#8212;&#8212;&#8212;&#8212;&#8212;&#8212;&#8212;&#8212;&#8212;&#8212;&#8212;&#8212;&#8212;&#8212;&#8212;&#8212;&#8212;&#8212;&#8212;&#8212;&#8212;&#8212;&#8211;<\/p>\n<h1 style=\"text-align: center;\"><span style=\"color: #611582;\"><a id=\"mutations\"><\/a>M<span style=\"color: #ed6f01;\">U<\/span><span style=\"color: #ca0034;\">T<\/span>A<span style=\"color: #ed6f01;\">T<\/span><span style=\"color: #ca0034;\">I<\/span>O<span style=\"color: #ed6f01;\">N<\/span>S<\/span><\/h1>\n<p>Mutations : barres d&rsquo;entr\u00e9es de 2019 : <a href=\"https:\/\/www.snetaamontpellier.fr\/site\/wp-content\/uploads\/2019\/10\/Barres-dentr\u00e9e-2019.pdf\">fichier \u00e0 consulter<\/a><\/p>\n<p style=\"text-align: center;\"><em><a href=\"https:\/\/www.snetaamontpellier.fr\/site\/carriere\/#\">retour haut de page<\/a><\/em><\/p>\n<p style=\"text-align: center;\">&#8212;&#8212;&#8212;&#8212;&#8212;&#8212;&#8212;&#8212;&#8212;&#8212;&#8212;&#8212;&#8212;&#8212;&#8212;&#8212;&#8212;&#8212;&#8212;&#8212;&#8212;&#8212;&#8212;&#8212;&#8212;&#8212;&#8212;&#8212;&#8212;&#8211;<\/p>\n\n\n<p><\/p>\n\n\n\n<p class=\"has-text-align-center\"><a href=\"https:\/\/www.snetaamontpellier.fr\/site\/wp-content\/uploads\/2021\/09\/AP-N591.pdf\" target=\"_blank\" rel=\"noreferrer noopener\">L&rsquo;adh\u00e9rent, L&rsquo;essentiel, Rentr\u00e9e 2021<\/a><\/p>\n","protected":false},"excerpt":{"rendered":"<p>&#8212;&#8212;&#8212;&#8212;&#8212;&#8212;&#8212;&#8212;&#8212;&#8212;&#8212;&#8212;&#8212;&#8212;&#8212;&#8212;&#8212;&#8212;&#8212;&#8212;&#8212;&#8212;&#8212;&#8212;&#8212;&#8212;&#8212;&#8212;&#8212;&#8211; REMUNERATION\u00a0DIVERSES Allocation de formation pendant les vacances BO n\u00b036 du 03\/10\/2019 Article 1 &#8211;\u00a0Le taux horaire de l&rsquo;allocation de formation pr\u00e9vu \u00e0 l&rsquo;article 2 du d\u00e9cret n\u00b0\u00a02019-935 du 6 septembre 2019 susvis\u00e9 est&#46;&#46;&#46;<\/p>\n","protected":false},"author":1,"featured_media":0,"parent":0,"menu_order":0,"comment_status":"closed","ping_status":"closed","template":"","meta":{"footnotes":""},"class_list":["post-106","page","type-page","status-publish","hentry"],"_links":{"self":[{"href":"https:\/\/www.snetaamontpellier.fr\/site\/wp-json\/wp\/v2\/pages\/106","targetHints":{"allow":["GET"]}}],"collection":[{"href":"https:\/\/www.snetaamontpellier.fr\/site\/wp-json\/wp\/v2\/pages"}],"about":[{"href":"https:\/\/www.snetaamontpellier.fr\/site\/wp-json\/wp\/v2\/types\/page"}],"author":[{"embeddable":true,"href":"https:\/\/www.snetaamontpellier.fr\/site\/wp-json\/wp\/v2\/users\/1"}],"replies":[{"embeddable":true,"href":"https:\/\/www.snetaamontpellier.fr\/site\/wp-json\/wp\/v2\/comments?post=106"}],"version-history":[{"count":124,"href":"https:\/\/www.snetaamontpellier.fr\/site\/wp-json\/wp\/v2\/pages\/106\/revisions"}],"predecessor-version":[{"id":2703,"href":"https:\/\/www.snetaamontpellier.fr\/site\/wp-json\/wp\/v2\/pages\/106\/revisions\/2703"}],"wp:attachment":[{"href":"https:\/\/www.snetaamontpellier.fr\/site\/wp-json\/wp\/v2\/media?parent=106"}],"curies":[{"name":"wp","href":"https:\/\/api.w.org\/{rel}","templated":true}]}}