{"id":2117,"date":"2019-10-02T15:56:21","date_gmt":"2019-10-02T14:56:21","guid":{"rendered":"http:\/\/www.snetaamontpellier.fr\/site\/?page_id=2117"},"modified":"2024-06-30T11:00:20","modified_gmt":"2024-06-30T10:00:20","slug":"stagiaires","status":"publish","type":"page","link":"https:\/\/www.snetaamontpellier.fr\/site\/stagiaires\/","title":{"rendered":"Stagiaires"},"content":{"rendered":"\n<p style=\"text-align: center;\">&#8212;&#8212;&#8212;&#8212;&#8212;&#8212;&#8212;&#8212;&#8212;&#8212;&#8212;&#8212;&#8212;&#8212;&#8212;&#8212;&#8212;&#8212;&#8212;&#8212;&#8212;&#8212;&#8212;&#8212;&#8212;&#8212;&#8212;&#8212;&#8212;&#8211;<\/p>\n<p style=\"font-weight: 400; text-align: center;\"><strong>Tu es stagiaire et tu viens d\u2019\u00eatre affect\u00e9-e sur l\u2019Acad\u00e9mie de Montpellier.<\/strong><\/p>\n<p style=\"font-weight: 400; text-align: center;\"><strong>Contacte le 1er syndicat de l&rsquo;Enseignement Professionnel <\/strong><\/p>\n<p style=\"font-weight: 400; text-align: center;\"><strong>et renvoie la fiche de suivi:<\/strong><\/p>\n<p style=\"text-align: center;\"><a href=\"https:\/\/www.snetaamontpellier.fr\/site\/wp-content\/uploads\/2023\/11\/FICHE-DE-SUIVI-STAGIAIRES-2023.docx\">FICHE DE SUIVI STAGIAIRES<\/a><\/p>\n<p style=\"font-weight: 400; text-align: center;\"><strong>Mapi ESTEBAN 06.16.22.58.57<\/strong><\/p>\n<p style=\"font-weight: 400; text-align: center;\"><a href=\"mailto:mapi.esteban@wanadoo.fr\"><strong>mapi.esteban@wanadoo.fr<\/strong><\/a><\/p>\n<p style=\"font-weight: 400; text-align: center;\"><strong>r\u00e9f\u00e9rent stagiaire pour la FNEC-FP-FO-Snetaa-fo (F\u00e9d\u00e9ration FO de l\u2019Enseignement).<\/strong><\/p>\n<p style=\"text-align: center;\">&#8212;&#8212;&#8212;&#8212;&#8212;&#8212;&#8212;&#8212;&#8212;&#8212;&#8212;&#8212;&#8212;&#8212;&#8212;&#8212;&#8212;&#8212;&#8212;&#8212;&#8212;&#8212;&#8212;&#8212;&#8212;&#8212;&#8212;&#8212;&#8212;&#8211;<\/p>\n<p style=\"text-align: center;\"><a href=\"https:\/\/www.snetaamontpellier.fr\/site\/wp-content\/uploads\/2024\/06\/STAG_2024_2025.pdf\"><img loading=\"lazy\" decoding=\"async\" class=\"aligncenter wp-image-3008 size-large\" src=\"https:\/\/www.snetaamontpellier.fr\/site\/wp-content\/uploads\/2024\/06\/devens2425-725x1024.jpg\" alt=\"\" width=\"725\" height=\"1024\" srcset=\"https:\/\/www.snetaamontpellier.fr\/site\/wp-content\/uploads\/2024\/06\/devens2425-725x1024.jpg 725w, https:\/\/www.snetaamontpellier.fr\/site\/wp-content\/uploads\/2024\/06\/devens2425-212x300.jpg 212w, https:\/\/www.snetaamontpellier.fr\/site\/wp-content\/uploads\/2024\/06\/devens2425-768x1085.jpg 768w, https:\/\/www.snetaamontpellier.fr\/site\/wp-content\/uploads\/2024\/06\/devens2425-1087x1536.jpg 1087w, https:\/\/www.snetaamontpellier.fr\/site\/wp-content\/uploads\/2024\/06\/devens2425.jpg 1241w\" sizes=\"auto, (max-width: 725px) 100vw, 725px\" \/><\/a><\/p>\n<p>\u00a0<\/p>\n<p><a href=\"https:\/\/www.snetaamontpellier.fr\/site\/wp-content\/uploads\/2020\/08\/maj-11-08-2020-stagiaires-3-pages-snetaa-1-sur-3-.jpg\" data-rel=\"lightbox-image-0\" data-rl_title=\"\" data-rl_caption=\"\" title=\"\"><img loading=\"lazy\" decoding=\"async\" class=\"aligncenter size-full wp-image-2530\" src=\"https:\/\/www.snetaamontpellier.fr\/site\/wp-content\/uploads\/2020\/08\/maj-11-08-2020-stagiaires-3-pages-snetaa-1-sur-3-.jpg\" alt=\"\" width=\"1240\" height=\"1754\" srcset=\"https:\/\/www.snetaamontpellier.fr\/site\/wp-content\/uploads\/2020\/08\/maj-11-08-2020-stagiaires-3-pages-snetaa-1-sur-3-.jpg 1240w, https:\/\/www.snetaamontpellier.fr\/site\/wp-content\/uploads\/2020\/08\/maj-11-08-2020-stagiaires-3-pages-snetaa-1-sur-3--212x300.jpg 212w, https:\/\/www.snetaamontpellier.fr\/site\/wp-content\/uploads\/2020\/08\/maj-11-08-2020-stagiaires-3-pages-snetaa-1-sur-3--724x1024.jpg 724w, https:\/\/www.snetaamontpellier.fr\/site\/wp-content\/uploads\/2020\/08\/maj-11-08-2020-stagiaires-3-pages-snetaa-1-sur-3--768x1086.jpg 768w, https:\/\/www.snetaamontpellier.fr\/site\/wp-content\/uploads\/2020\/08\/maj-11-08-2020-stagiaires-3-pages-snetaa-1-sur-3--1086x1536.jpg 1086w\" sizes=\"auto, (max-width: 1240px) 100vw, 1240px\" \/><\/a><\/p>\n<p>\u00a0<\/p>\n<p style=\"text-align: center;\">\u00a0<\/p>\n<p>\u00a0<\/p>\n<p style=\"text-align: center;\">&#8212;&#8212;&#8212;&#8212;&#8212;&#8212;&#8212;&#8212;&#8212;&#8212;&#8212;&#8212;&#8212;&#8212;&#8212;&#8212;&#8212;&#8212;&#8212;&#8212;&#8212;&#8212;&#8212;&#8212;&#8212;&#8212;&#8212;&#8212;&#8212;&#8211;<\/p>\n<p>\u00a0<\/p>\n","protected":false},"excerpt":{"rendered":"<p>&#8212;&#8212;&#8212;&#8212;&#8212;&#8212;&#8212;&#8212;&#8212;&#8212;&#8212;&#8212;&#8212;&#8212;&#8212;&#8212;&#8212;&#8212;&#8212;&#8212;&#8212;&#8212;&#8212;&#8212;&#8212;&#8212;&#8212;&#8212;&#8212;&#8211; Tu es stagiaire et tu viens d\u2019\u00eatre affect\u00e9-e sur l\u2019Acad\u00e9mie de Montpellier. Contacte le 1er syndicat de l&rsquo;Enseignement Professionnel et renvoie la fiche de suivi: FICHE DE SUIVI STAGIAIRES Mapi ESTEBAN 06.16.22.58.57 mapi.esteban@wanadoo.fr&#46;&#46;&#46;<\/p>\n","protected":false},"author":1,"featured_media":0,"parent":0,"menu_order":0,"comment_status":"closed","ping_status":"closed","template":"","meta":{"footnotes":""},"class_list":["post-2117","page","type-page","status-publish","hentry"],"_links":{"self":[{"href":"https:\/\/www.snetaamontpellier.fr\/site\/wp-json\/wp\/v2\/pages\/2117","targetHints":{"allow":["GET"]}}],"collection":[{"href":"https:\/\/www.snetaamontpellier.fr\/site\/wp-json\/wp\/v2\/pages"}],"about":[{"href":"https:\/\/www.snetaamontpellier.fr\/site\/wp-json\/wp\/v2\/types\/page"}],"author":[{"embeddable":true,"href":"https:\/\/www.snetaamontpellier.fr\/site\/wp-json\/wp\/v2\/users\/1"}],"replies":[{"embeddable":true,"href":"https:\/\/www.snetaamontpellier.fr\/site\/wp-json\/wp\/v2\/comments?post=2117"}],"version-history":[{"count":28,"href":"https:\/\/www.snetaamontpellier.fr\/site\/wp-json\/wp\/v2\/pages\/2117\/revisions"}],"predecessor-version":[{"id":3012,"href":"https:\/\/www.snetaamontpellier.fr\/site\/wp-json\/wp\/v2\/pages\/2117\/revisions\/3012"}],"wp:attachment":[{"href":"https:\/\/www.snetaamontpellier.fr\/site\/wp-json\/wp\/v2\/media?parent=2117"}],"curies":[{"name":"wp","href":"https:\/\/api.w.org\/{rel}","templated":true}]}}