{"id":2993,"date":"2024-05-03T13:36:44","date_gmt":"2024-05-03T12:36:44","guid":{"rendered":"http:\/\/www.snetaamontpellier.fr\/site\/?page_id=2993"},"modified":"2026-03-18T11:53:50","modified_gmt":"2026-03-18T10:53:50","slug":"mutation","status":"publish","type":"page","link":"https:\/\/www.snetaamontpellier.fr\/site\/mutation\/","title":{"rendered":"Mutation"},"content":{"rendered":"\n<p style=\"font-weight: 400; text-align: center;\"><strong>MUTATION INTRA DE L\u2019ACADEMIE DE MONTPELLIER<\/strong><\/p>\n<p style=\"font-weight: 400;\">Chers adh\u00e9rents,<\/p>\n<p style=\"font-weight: 400;\"><span style=\"text-decoration: underline;\"><strong>POUR LES ENTRANTS DANS L\u2019ACADEMIE<\/strong>\u00a0:<\/span> Uniquement pour ceux qui entrent dans l\u2019acad\u00e9mie, Merci de r\u00e9pondre au formulaire ci-dessous pour que vous soyez dans mon fichier et que je puisse vous contacter. Je reviendrai vers chacun d\u2019entre vous pour faire le point sur votre situation.<\/p>\n<p style=\"font-weight: 400;\"><a href=\"https:\/\/forms.gle\/7HXQUQnzepLcKrPu8\" data-saferedirecturl=\"https:\/\/www.google.com\/url?q=https:\/\/forms.gle\/7HXQUQnzepLcKrPu8&amp;source=gmail&amp;ust=1773916992648000&amp;usg=AOvVaw39NuQDhgn1SzlX-Hs5Q2UE\">https\u00a0:\/\/forms.gle\/7HXQUQnzepLcKrPu8<\/a><\/p>\n<p style=\"font-weight: 400;\"><span style=\"text-decoration: underline;\"><strong>POUR TOUS LES PARTICIPANTS A L\u2019INTRA\u00a0:<\/strong><\/span><\/p>\n<p style=\"font-weight: 400;\">Urgent, si vous voulez b\u00e9n\u00e9ficier d\u2019une bonification handicap, il faut envoyer le dossier m\u00e9dical avant le 23 mars\u00a0! (\u00e0 t\u00e9l\u00e9charger sur le site du rectorat). \u00a0<\/p>\n<p style=\"font-weight: 400;\">\u00a0Voici la page d\u00e9di\u00e9e au mouvement sur le site du rectorat, le dossier handicap s\u2019y trouve ainsi que la circulaire acad\u00e9mique.<\/p>\n<p style=\"font-weight: 400;\"><a href=\"https:\/\/www.ac-montpellier.fr\/mutation-pour-la-rentree-2026-121919\" data-saferedirecturl=\"https:\/\/www.google.com\/url?q=https:\/\/www.ac-montpellier.fr\/mutation-pour-la-rentree-2026-121919&amp;source=gmail&amp;ust=1773916992648000&amp;usg=AOvVaw2AGJv2il_wM_k7I_wgmKxc\">https:\/\/www.ac-montpellier.fr\/mutation-pour-la-rentree-2026-121919<\/a><\/p>\n<p style=\"font-weight: 400;\"><strong>\u00a0Un calendrier en ligne vous parviendra par mail via l\u2019adresse du snetaa montpellier (pour les adh\u00e9rents de l\u2019acad\u00e9mie)\u00a0 et via mon adresse perso (pour les entrants) vers le 24 mars pour bloquer un RDV t\u00e9l\u00e9phonique d\u2019une heure.<\/strong><\/p>\n<p style=\"font-weight: 400;\">A bient\u00f4t<\/p>\n<p>Mapi ESTEBAN<\/p>\n<p>R\u00e9f\u00e9rente stagiaires et mutations<\/p>\n<p>06.16.22.58.57 (via whatsap depuis outre-mer et \u00e9tranger).<\/p>\n<p><a href=\"mailto:mapi.esteban@wanadoo.fr\">mapi.esteban@wanadoo.fr<\/a><\/p>\n<p><strong>Permanences t\u00e9l\u00e9phoniques en p\u00e9riodes scolaires\u00a0et hors p\u00e9riodes de mutations: mardi 9h-17h et mercredi 9h-19h<\/strong><\/p>\n<p style=\"font-weight: 400; text-align: center;\">&#8212;&#8212;&#8212;&#8212;&#8212;&#8212;&#8212;&#8212;&#8212;&#8212;&#8212;&#8212;&#8212;&#8212;&#8212;&#8212;&#8212;&#8212;&#8212;&#8212;&#8212;&#8212;&#8212;&#8212;&#8212;&#8212;&#8212;&#8212;-<\/p>\n<p>\u00a0<\/p>\n<p>\u00a0<\/p>\n<p>\u00a0<\/p>\n","protected":false},"excerpt":{"rendered":"<p>MUTATION INTRA DE L\u2019ACADEMIE DE MONTPELLIER Chers adh\u00e9rents, POUR LES ENTRANTS DANS L\u2019ACADEMIE\u00a0: Uniquement pour ceux qui entrent dans l\u2019acad\u00e9mie, Merci de r\u00e9pondre au formulaire ci-dessous pour que vous soyez dans mon fichier et&#46;&#46;&#46;<\/p>\n","protected":false},"author":1,"featured_media":0,"parent":0,"menu_order":0,"comment_status":"closed","ping_status":"closed","template":"","meta":{"footnotes":""},"class_list":["post-2993","page","type-page","status-publish","hentry"],"_links":{"self":[{"href":"https:\/\/www.snetaamontpellier.fr\/site\/wp-json\/wp\/v2\/pages\/2993","targetHints":{"allow":["GET"]}}],"collection":[{"href":"https:\/\/www.snetaamontpellier.fr\/site\/wp-json\/wp\/v2\/pages"}],"about":[{"href":"https:\/\/www.snetaamontpellier.fr\/site\/wp-json\/wp\/v2\/types\/page"}],"author":[{"embeddable":true,"href":"https:\/\/www.snetaamontpellier.fr\/site\/wp-json\/wp\/v2\/users\/1"}],"replies":[{"embeddable":true,"href":"https:\/\/www.snetaamontpellier.fr\/site\/wp-json\/wp\/v2\/comments?post=2993"}],"version-history":[{"count":5,"href":"https:\/\/www.snetaamontpellier.fr\/site\/wp-json\/wp\/v2\/pages\/2993\/revisions"}],"predecessor-version":[{"id":3272,"href":"https:\/\/www.snetaamontpellier.fr\/site\/wp-json\/wp\/v2\/pages\/2993\/revisions\/3272"}],"wp:attachment":[{"href":"https:\/\/www.snetaamontpellier.fr\/site\/wp-json\/wp\/v2\/media?parent=2993"}],"curies":[{"name":"wp","href":"https:\/\/api.w.org\/{rel}","templated":true}]}}